{"id":5,"date":"2015-09-21T14:53:26","date_gmt":"2015-09-21T14:53:26","guid":{"rendered":"http:\/\/osteopatheromagnat.wordpress.com\/?page_id=1"},"modified":"2023-01-01T19:47:38","modified_gmt":"2023-01-01T18:47:38","slug":"cabinet-osteopathie-clermont-romagnat","status":"publish","type":"page","link":"https:\/\/osteopatheromagnat.fr\/osteopathe-clermont\/","title":{"rendered":"Ost\u00e9opathes \u00e0 Romagnat"},"content":{"rendered":"<p><strong>Vivien Gas et Charline Guibert sont ost\u00e9opathes \u00e0 Romagnat. Ils sont sp\u00e9cialis\u00e9s dans les prises en charges des lombalgies irradiantes (sciatiques et cruralgies) et des cervicalgies irradiantes (NCB).<br \/>Ils effectuent le suivi des b\u00e9b\u00e9s, enfants et femmes enceintes, mais \u00e9galement de sportifs (rugby, natation&#8230;).<\/strong><\/p>\n<h1><span style=\"color: #33cccc;\">T\u00e9l\u00e9phone<\/span><\/h1>\n<p>\u00a0<a href=\"tel:+33650866357\">06 50 86 63 57<\/a><\/p>\n<p>Ou directement sur :<\/p>\n<p><a href=\"https:\/\/www.doctolib.fr\/osteopathe\/romagnat\/vivien-gas\"><img loading=\"lazy\" class=\"alignnone size-full wp-image-733\" src=\"https:\/\/i1.wp.com\/osteopatheromagnat.fr\/wp-content\/uploads\/2015\/09\/fond-bleu-2.png?resize=107%2C53\" alt=\"Logo Doctolib fond bleu, bouton cliquable\" width=\"107\" height=\"53\" data-recalc-dims=\"1\" \/> avec Vivien Gas<\/a><\/p>\n<p><a href=\"https:\/\/www.doctolib.fr\/osteopathe\/romagnat\/charline-guibert\"><img loading=\"lazy\" class=\"alignnone size-full wp-image-733\" src=\"https:\/\/i1.wp.com\/osteopatheromagnat.fr\/wp-content\/uploads\/2015\/09\/fond-bleu-2.png?resize=107%2C53\" alt=\"Logo Doctolib fond bleu, bouton cliquable\" width=\"107\" height=\"53\" data-recalc-dims=\"1\" \/> avec Charline Guibert<\/a><\/p>\n<p>Vous pouvez \u00e9galement <a href=\"https:\/\/osteopatheromagnat.fr\/osteopathe-clermont\/contactez-vivien-gas-charline-guibert-osteopathes-sud-de-clermont\/\">nous contacter<\/a> via un formulaire \u00e9crit.<\/p>\n<hr \/>\n<h1 id=\"horaires-consultations\"><span style=\"color: #33cccc;\">Horaires des consultations<\/span><\/h1>\n<p>Du lundi au vendredi : 9h-19h<br \/>Samedi : 9h-13h<\/p>\n<h1><a href=\"https:\/\/i0.wp.com\/osteopatheromagnat.fr\/wp-content\/uploads\/2015\/10\/charline-guibert-vivien-gas-osteopathe-romagnat-osteopathie-clermont-ferrand-aubiere-beaumont-royat-ceyrat-400x305-1.jpg\"><img loading=\"lazy\" class=\"alignnone wp-image-236 size-full\" src=\"https:\/\/i0.wp.com\/osteopatheromagnat.fr\/wp-content\/uploads\/2015\/10\/charline-guibert-vivien-gas-osteopathe-romagnat-osteopathie-clermont-ferrand-aubiere-beaumont-royat-ceyrat-400x305-1.jpg?resize=400%2C305\" alt=\"Charline Guibert et Vivien Gas, ost\u00e9opathes \u00e0 Romagnat, avec vue sur Clermont-Ferrand, Aubi\u00e8re, Beaumont et le Puy de D\u00f4me. Ost\u00e9opathe Romagnat\" width=\"400\" height=\"305\" srcset=\"https:\/\/i0.wp.com\/osteopatheromagnat.fr\/wp-content\/uploads\/2015\/10\/charline-guibert-vivien-gas-osteopathe-romagnat-osteopathie-clermont-ferrand-aubiere-beaumont-royat-ceyrat-400x305-1.jpg?w=400&amp;ssl=1 400w, https:\/\/i0.wp.com\/osteopatheromagnat.fr\/wp-content\/uploads\/2015\/10\/charline-guibert-vivien-gas-osteopathe-romagnat-osteopathie-clermont-ferrand-aubiere-beaumont-royat-ceyrat-400x305-1.jpg?resize=300%2C229&amp;ssl=1 300w\" sizes=\"(max-width: 400px) 100vw, 400px\" data-recalc-dims=\"1\" \/><\/a><\/h1>\n<hr \/>\n<h1><span style=\"color: #33cccc;\">Cabinet de Romagnat<br \/><\/span><\/h1>\n<p>30 avenue Jean Moulin 63540 Romagnat<\/p>\n<hr \/>\n<h1><span style=\"color: #33cccc;\">Honoraires de consultation<\/span><\/h1>\n<p>Les honoraires de consultation sont de 60\u20ac.<br \/>Les consultations \u00e0 domicile sont de 60\u20ac.<br \/>Vous pouvez \u00e9galement r\u00e9gler votre consultation en <a href=\"http:\/\/adml63.org\/\" target=\"_blank\" rel=\"noopener noreferrer\">Doume<\/a>, la monnaie locale du Puy-de-D\u00f4me.<br \/>La plupart des mutuelles remboursent d\u00e9sormais tout ou partie de la consultation. Renseignez-vous aupr\u00e8s de votre organisme compl\u00e9mentaire.<\/p>\n<div id=\"attachment_105\" style=\"width: 810px\" class=\"wp-caption alignnone\"><a href=\"https:\/\/i2.wp.com\/osteopatheromagnat.fr\/wp-content\/uploads\/2015\/10\/cabinet-osteopathie-romagnat-clermont-aubiere-beaumont-ceyrat-gas-guibert-800x574-1.jpg\"><img aria-describedby=\"caption-attachment-105\" loading=\"lazy\" class=\"wp-image-105 size-full\" src=\"https:\/\/i2.wp.com\/osteopatheromagnat.fr\/wp-content\/uploads\/2015\/10\/cabinet-osteopathie-romagnat-clermont-aubiere-beaumont-ceyrat-gas-guibert-800x574-1.jpg?resize=676%2C485\" alt=\"Salle de consultation du cabinet d'ost\u00e9opathie Gas &amp; Guibert - ost\u00e9opathe Romagnat\" width=\"676\" height=\"485\" srcset=\"https:\/\/i2.wp.com\/osteopatheromagnat.fr\/wp-content\/uploads\/2015\/10\/cabinet-osteopathie-romagnat-clermont-aubiere-beaumont-ceyrat-gas-guibert-800x574-1.jpg?w=800&amp;ssl=1 800w, https:\/\/i2.wp.com\/osteopatheromagnat.fr\/wp-content\/uploads\/2015\/10\/cabinet-osteopathie-romagnat-clermont-aubiere-beaumont-ceyrat-gas-guibert-800x574-1.jpg?resize=300%2C215&amp;ssl=1 300w\" sizes=\"(max-width: 676px) 100vw, 676px\" data-recalc-dims=\"1\" \/><\/a><p id=\"caption-attachment-105\" class=\"wp-caption-text\">Salle de consultation ost\u00e9opathique<\/p><\/div>\n<hr \/>\n<p>Le cabinet d&rsquo;ost\u00e9opathie Gas &amp; Guibert est situ\u00e9 au c\u0153ur de la commune de Romagnat, au pied du plateau de Gergovie, \u00e0 10 minutes au sud de Clermont-Ferrand.<br \/>De nombreuses places de parking permettent un stationnement facile, avec un acc\u00e8s pour les personnes \u00e0 mobilit\u00e9 r\u00e9duite.<br \/>Les lignes de bus T2C n\u00b0<a href=\"http:\/\/www.t2c.fr\/guide-horaires-interactif-nouveautes.php?page=48\" target=\"_blank\" rel=\"noopener noreferrer\">3<\/a> et <a href=\"http:\/\/www.t2c.fr\/guide-horaires-interactif-nouveautes.php?page=125\" target=\"_blank\" rel=\"noopener noreferrer\">12<\/a> permettent de venir au cabinet via l&rsquo;arr\u00eat <em>La Gazelle<\/em>.<\/p>\n<p>Vivien Gas et Charline Guibert sont tous deux <strong>ost\u00e9opathes exclusifs \u00e0 Romagnat<\/strong>, issus d&rsquo;une formation de 5 ans, dipl\u00f4m\u00e9s de l&rsquo;Institut Sup\u00e9rieur d&rsquo;Ost\u00e9opathie de Lyon-Ecully. Ils sont form\u00e9s aux techniques articulaires, visc\u00e9rales et cr\u00e2niennes. Ils sont qualifi\u00e9s pour suivre les <strong>femmes enceintes<\/strong> ainsi que les<strong> nourrissons<\/strong>.<\/p>\n<p>Le cabinet Gas &amp; Guibert effectue le suivi ost\u00e9opathique de sportifs de la r\u00e9gion de <strong>Clermont-Ferrand<\/strong> :<\/p>\n<ul>\n<li>le <strong>Rugby<\/strong> Club La Plaine : \u00e9quipes f\u00e9minine et masculine<\/li>\n<li>l&rsquo;ASPTT Clermont <strong>Natation<\/strong>.<\/li>\n<\/ul>\n<hr \/>\n<h1><span style=\"color: #33cccc;\">La consultation ost\u00e9opathique<\/span><\/h1>\n<p><strong>Une consultation en ost\u00e9opathie dure 45 \u00e0 60 minutes. L&rsquo;action th\u00e9rapeutique de l&rsquo;ost\u00e9opathe est essentiellement manuelle. La consultation se d\u00e9compose en 3 temps principaux :<\/strong><\/p>\n<ol>\n<li><a href=\"http:\/\/www.cnrtl.fr\/definition\/anamnese\" target=\"_blank\" rel=\"noopener noreferrer\">l&rsquo;anamn\u00e8se<\/a> : il s&rsquo;agit d&rsquo;un \u00e9change entre le patient et le th\u00e9rapeute qui permet de comprendre la demande du patient.<\/li>\n<li>les tests : des tests m\u00e9dicaux ainsi que des tests ost\u00e9opathiques permettent de poser un diagnostic.<\/li>\n<li>le traitement : l&rsquo;ost\u00e9opathe aide le patient \u00e0 <strong>d\u00e9bloquer la situation<\/strong>.<\/li>\n<\/ol>\n<h3><span style=\"color: #00a8a8;\">L&rsquo;anamn\u00e8se<\/span><\/h3>\n<p>L&rsquo;ost\u00e9opathe et le patient \u00e9changent de fa\u00e7on privil\u00e9gi\u00e9e durant ce moment. Le patient expose ce qui l&rsquo;am\u00e8ne \u00e0 consulter (ce que l&rsquo;ost\u00e9opathe nomme le <strong>motif de consultation<\/strong>). L&rsquo;ost\u00e9opathe, au travers de questions sur l&rsquo;histoire de vie du patient, va commencer \u00e0 cibler les syst\u00e8mes pouvant \u00eatre incrimin\u00e9s dans la douleur du jour. En un mot, l&rsquo;ost\u00e9opathe cherche \u00e0 se mettre \u00e0 la place du patient afin de <strong>comprendre au mieux sa douleur<\/strong>. Il est rare qu&rsquo;une douleur soit la cons\u00e9quence d&rsquo;une cause unique ; nous sommes tous une somme d&rsquo;al\u00e9as, de chutes et chocs, de sentiments,&#8230; qui s&rsquo;accumulent et construisent les singuli\u00e8res et uniques personnes que nous sommes.<br \/>De plus, ce temps d&rsquo;anamn\u00e8se permet \u00e0 l&rsquo;ost\u00e9opathe d&rsquo;avoir \u00e0 l&rsquo;esprit les premi\u00e8res donn\u00e9es cliniques qui lui assurent que le motif de consultation concerne effectivement l&rsquo;ost\u00e9opathie.<\/p>\n<h3><span style=\"color: #00a8a8;\">Les tests<\/span><\/h3>\n<p>S&rsquo;il persiste un doute quant \u00e0 savoir si la douleur du jour est du ressort de l&rsquo;ost\u00e9opathie, l&rsquo;ost\u00e9opathe effectue un examen m\u00e9dical permettant de v\u00e9rifier ou falsifier ses hypoth\u00e8ses cliniques. Si l&rsquo;examen m\u00e9dical met en \u00e9vidence des douleurs dont le traitement ne rel\u00e8ve pas de l&rsquo;ost\u00e9opathie, l&rsquo;ost\u00e9opathe r\u00e9orientera le patient vers son m\u00e9decin traitant.<br \/>Dans le cas contraire l&rsquo;ost\u00e9opathe va mettre en place tout un panel d&rsquo;observations, de palpations et tests sur <strong>l&rsquo;ensemble du corps<\/strong> qui, en corroboration avec les \u00e9l\u00e9ments de l&rsquo;anamn\u00e8se, l&rsquo;am\u00e8ne \u00e0 \u00e9tablir une <strong>strat\u00e9gie d&rsquo;action th\u00e9rapeutique<\/strong>.<\/p>\n<h3><span style=\"color: #00a8a8;\">Le traitement<\/span><\/h3>\n<p>L&rsquo;action th\u00e9rapeutique de l&rsquo;ost\u00e9opathe est exclusivement manuelle. En fonction du patient, l&rsquo;ost\u00e9opathe adapte son traitement de fa\u00e7on \u00e0 ce que celui-ci soit accept\u00e9 de la meilleure des mani\u00e8res dans les heures et jours qui suivent la consultation. Il faut savoir que le c\u0153ur de l&rsquo;action ost\u00e9opathique n&rsquo;est pas tant de <strong>remettre en place<\/strong> mais plut\u00f4t de<strong> lib\u00e9rer les zones en restriction de mobilit\u00e9<\/strong>.<\/p>\n<p>En rendant au corps ses capacit\u00e9s physiologiques de mouvement l&rsquo;ost\u00e9opathie favorise la circulation d&rsquo;informations qui se fait par les voies art\u00e9rielles, veineuses, lymphatiques mais aussi nerveuses. L&rsquo;essentiel de l&rsquo;action de soin se d\u00e9roule donc a posteriori de la consultation et se fait par le patient lui-m\u00eame. C&rsquo;est \u00e0 ce titre que peuvent appara\u00eetre certains d\u00e9sagr\u00e9ments tels que courbatures, sensation de fatigue, euphorie, accentuation des douleurs,&#8230; dans les dizaines d&rsquo;heure qui suivent la consultation.<\/p>\n<p>A la fin de la consultation, l&rsquo;ost\u00e9opathe va donner des conseils d&rsquo;ordre hygi\u00e9no-di\u00e9t\u00e9tique. En adaptant son propos \u00e0 chaque patient l&rsquo;ost\u00e9opathe va guider le patient afin qu&rsquo;il soit le plus <strong>autonome<\/strong> possible en \u00e9tant acteur de sa sant\u00e9.<\/p>\n<p><a href=\"#horaires-consultations\">&gt;&gt; Les horaires de consultation<\/a><br \/><a href=\"http:\/\/osteopatheromagnat.fr\/osteopathe-romagnat\/osteopathie-therapie-manuelle-clermont-ferrand\/\">&gt;&gt; En savoir plus sur l&rsquo;ost\u00e9opathie<br \/><\/a><a href=\"http:\/\/osteopatheromagnat.fr\/osteopathe-romagnat\/charline-guibert-vivien-gas-exclusifs\/\">&gt;&gt; Qui sommes-nous?<\/a><\/p>\n\n\n<p><\/p>\n","protected":false},"excerpt":{"rendered":"<p>Vivien Gas et Charline Guibert sont ost\u00e9opathes \u00e0 Romagnat. Ils sont sp\u00e9cialis\u00e9s dans les prises en charges des lombalgies irradiantes (sciatiques et cruralgies) et des cervicalgies irradiantes (NCB).Ils effectuent le suivi des b\u00e9b\u00e9s, enfants et femmes enceintes, mais \u00e9galement de sportifs (rugby, natation&#8230;). T\u00e9l\u00e9phone \u00a006 50 86 63 57 Ou directement sur : avec Vivien &hellip; <a href=\"https:\/\/osteopatheromagnat.fr\/osteopathe-clermont\/\" class=\"more-link\">Lire la suite de <span class=\"screen-reader-text\">Ost\u00e9opathes \u00e0 Romagnat<\/span><\/a><\/p>\n","protected":false},"author":1,"featured_media":0,"parent":0,"menu_order":0,"comment_status":"closed","ping_status":"closed","template":"","meta":{"spay_email":""},"_links":{"self":[{"href":"https:\/\/osteopatheromagnat.fr\/osteopathe-clermont\/wp-json\/wp\/v2\/pages\/5"}],"collection":[{"href":"https:\/\/osteopatheromagnat.fr\/osteopathe-clermont\/wp-json\/wp\/v2\/pages"}],"about":[{"href":"https:\/\/osteopatheromagnat.fr\/osteopathe-clermont\/wp-json\/wp\/v2\/types\/page"}],"author":[{"embeddable":true,"href":"https:\/\/osteopatheromagnat.fr\/osteopathe-clermont\/wp-json\/wp\/v2\/users\/1"}],"replies":[{"embeddable":true,"href":"https:\/\/osteopatheromagnat.fr\/osteopathe-clermont\/wp-json\/wp\/v2\/comments?post=5"}],"version-history":[{"count":56,"href":"https:\/\/osteopatheromagnat.fr\/osteopathe-clermont\/wp-json\/wp\/v2\/pages\/5\/revisions"}],"predecessor-version":[{"id":3860,"href":"https:\/\/osteopatheromagnat.fr\/osteopathe-clermont\/wp-json\/wp\/v2\/pages\/5\/revisions\/3860"}],"wp:attachment":[{"href":"https:\/\/osteopatheromagnat.fr\/osteopathe-clermont\/wp-json\/wp\/v2\/media?parent=5"}],"curies":[{"name":"wp","href":"https:\/\/api.w.org\/{rel}","templated":true}]}}